(h) = -5*h**3 + h - 1. Let j(b) = 4*b**2 + 1 - b**3 - 4*b**2. Let k(i) = -2*j(i) - v(i). Determine k(r).
-7
Let k(p) = 0*p**2 + 0*p**2 - 13*p**2 + 7*p + 11*p**2 - 5. Suppose t + a = 0, -4*t + 4*a + 12 + 12 = 0. Let f = t - -1. Give k(f).
-9
Let u be (1/(-2))/((-2)/4). Let s be 166/5 + (-2)/30*3. Let j(l) = s*l - 12*l - 22*l. Calculate j(u).
-1
Let m(v) = v**3 + 4*v**2 - 5*v. Let q be m(-5). Let s be -3 - -1 - (-4 + 0). Let p(u) = -u**s + 71*u - 71*u + 6. Determine p(q).
6
Let j(d) = -5*d - 1 + 16 - 4*d**2 + 3*d**2 + 10*d. Determine j(8).
-9
Let w(k) = k**2 + 4*k + 4. Let v(b) = -3*b + 2. Let c be v(-2). Suppose -44 = -3*z - c. Suppose 3*l + z = -0*l. Determine w(l).
4
Let x(f) = 36*f**3 - 6*f**2. Let o(t) = 7*t**3 - t**2. Let s(w) = 11*o(w) - 2*x(w). Suppose 10 = -3*c + 1. Let n = -2 - c. Calculate s(n).
6
Let f be (-4)/(2/(-1)) + 3. Suppose -3*d = -f*d + 4. Let r(t) = -2*t + 4*t**2 + t - 11 - 3*t**d. What is r(0)?
-11
Let j(u) = -u**2 - 8*u. Suppose 0*c + 11 = c. Let f be 2 + (6 + -2)*c. Suppose 5*z - 29 = 2*d, 5*d + f = 3*z + 2. What is j(d)?
7
Let u(b) be the third derivative of b**5/60 - b**4/6 + 2*b**3/3 - 44*b**2. Calculate u(4).
4
Let x(u) = -10*u - 3. Let t(p) = 17*p + 5. Let z(o) = -4*t(o) - 7*x(o). Determine z(-3).
-5
Suppose -g + 6 = g. Suppose 0 = -4*z + o + 11, 2*o - g = 3*z - o. Let b = z + -6. Let w(i) = i**2 + 2*i + 2. Determine w(b).
2
Let q be -10 - -11 - (3 - 0). Let j(n) = -6*n**2 + n. Give j(q).
-26
Suppose -5*c + 15 = 0, -2*c = -2*p + 5 - 17. Let a(q) = -q**3 - q. Let i be a(-1). Let y(k) = 0*k - i + 3*k + 3 - 5. Determine y(p).
-13
Let t(x) = -1 + 25 - 11 - x. Calculate t(9).
4
Let b(o) = -18*o - 18. Let c be b(-1). Let a(x) = -x**2 - 28. What is a(c)?
-28
Let j(b) = 27*b - 78*b + 12 + b**2 + 50*b. Let w(n) = n - 6. Let o(z) = z**3 + 6*z**2 - z. Let a be o(-6). Let i be w(a). What is j(i)?
12
Let r(c) = -c**2 - 4*c + 2. Let q be 3/3 - (-3 - -1)*-3. Determine r(q).
-3
Let w(v) = -32*v - 4. Let n(j) = -7*j - 1. Let k(b) = -9*n(b) + 2*w(b). Let u be (-1)/(-5) + 1/(-5). Suppose -o + 3*o = u. Calculate k(o).
1
Let c = 1 - -9. Suppose -3*n + c*n - 35 = 0. Let o(g) = g**3 - 3*g**2 - 7*g + 1. What is o(n)?
16
Let d(m) = 2*m**2 - 4*m + 3. Let u(z) = 3*z**2 - 7*z + 5. Let f(v) = 10*d(v) - 6*u(v). Calculate f(-2).
4
Suppose 0 = 4*w - 7*w - 5*y + 18, w - 6 = 4*y. Let u(i) = i**2 - 10*i - 6. Let j(q) = q. Let g(p) = -6*j(p) - u(p). Give g(w).
-6
Let l(j) = -2*j**2 + 61*j - 19. Let f be l(30). Let b(a) = f*a - 5*a - 5*a - 15*a**2. Determine b(1).
-14
Let x be 8/(-5)*(-50)/20. Let h(u) = -4*u**3 + 9*u**2. Let n(d) = -5*d**3 + 11*d**2 + 1. Let r(w) = 4*h(w) - 3*n(w). Determine r(x).
-19
Let s = 2 + 2. Suppose 2 = -d + 3. Let o(t) = -t**3 + 4*t**2 + 3*t - 2. Let q(j) = -j. Let v(l) = d*q(l) + o(l). What is v(s)?
6
Let w(r) = r - 1. Suppose 0 = -p - 2*k + 8, 35 = -5*p + 3*k + 2*k. Let q = p - 6. Let m be (2 - 22/8)*q. What is w(m)?
5
Suppose -2*z - 3*o - 21 = 0, -2*z - o + 21 - 32 = 0. Let a(p) = -3*p - 6. What is a(z)?
3
Suppose -4*o = -0*o - 20. Let q(v) = -7*v - 7. Let g(w) = 4*w + 6. Let n(t) = -3*g(t) - 2*q(t). Determine n(o).
6
Suppose 3*m + 3 = 0, -7 = 4*n - 7*n + m. Let w = -2 + 7. Let v(i) = 5*i**2 + i + i**2 - n - w*i**2 + 4. Determine v(0).
2
Let d(g) = -g**2 + g - 2. Let s be d(0). Let u be (s + 6 - (-5)/(-1))*-5. Let c(r) = -5*r + 7. Determine c(u).
-18
Let l(c) = -4*c - 2. Let g be 2 + 33/11 - -7. Calculate l(g).
-50
Let d(x) = -x - 7. Let c be d(-4). Let q be (-3 - -3)/(c + 5). Let i(y) = 3*y**3 - 4*y + 21. Let h(j) = -j**3 + j - 7. Let u(k) = 7*h(k) + 2*i(k). What is u(q)?
-7
Let i(r) be the first derivative of -r**2/2 + r - 110. Calculate i(-3).
4
Let x = 6 + -4. Let h be x/8 + 2/(-8). Let w(v) = 552 - 105*v**2 + 106*v**2 - 558. What is w(h)?
-6
Suppose -j + 2*h + 4 = 0, -h + 1 = -4*j + 24. Suppose 5*k - 3*n = -0*n + 9, j = 4*k - 3*n. Let q(m) = 3 + 4*m**k - 9*m**3 + 6*m**3 - m - m**2. Calculate q(0).
3
Let j be (2 - -2)*(10/4)/1. Let w = j + -4. Let h(z) = -z + 5. Calculate h(w).
-1
Let u(h) = -h**2 - 2*h - 1. Suppose -m - 59 = 3. Let k be 1/2 - m/4. Let i = k - 14. What is u(i)?
-9
Suppose -4*g + 50 = -70. Suppose 4*h - 30 = -h + v, 2*v = 5*h - g. Let b(y) = -17*y - 2. Let q(z) = -178*z - 20. Let r(w) = 21*b(w) - 2*q(w). Determine r(h).
-8
Let d(g) = g**2 + 2*g + 2. Suppose -2*r = -5*t - 4 + 8, t = 0. What is d(r)?
2
Let j = 59 + -43. Let z(r) = -r**2 - 13*r - j*r + 32*r. Determine z(3).
0
Let u(l) be the second derivative of 19*l + 1/6*l**3 + 0 + 7/12*l**4 + 1/20*l**5 + 7/2*l**2. What is u(-7)?
0
Let k(j) = j**3 - 5*j**2 + 4*j + 5. Let x = -36 + 40. Suppose 28 = 4*d - x*i - 48, 0 = -2*i + 8. Let r = d + -19. Determine k(r).
5
Let a be (33 + -28)*2/5. Let v(p) = 5*p + 5. Let u(g) = -4*g - 6. Let w(z) = 3*u(z) + 4*v(z). Determine w(a).
18
Let z(k) = -5*k + 14. Let a = -160 - -165. Determine z(a).
-11
Let k(h) = 91*h + 722. Let p be k(-8). Let v(m) = 4*m + 22. Give v(p).
-2
Let u(t) = -7*t**2 + 16*t**2 - 18 + 3*t - 8*t**2 + 0*t**2 + 0*t**2. Calculate u(-6).
0
Let y(p) = 649 - 313 - p - 326. Let f(s) = 2. Let v(b) = 5*f(b) - y(b). Calculate v(4).
4
Let w(o) be the first derivative of o**5/60 + o**4/3 - o**3/2 + 14*o**2 + 3. Let g(x) be the second derivative of w(x). Calculate g(-9).
6
Let f(m) = -m**3 + 3*m**2 + 6*m - 1. Let h be (20/(-8))/((-1)/(-6)). Let o be (6/h)/(3/15). Let a be (-3)/(-15)*o*-10. Give f(a).
7
Let h(p) = p + 10. Let l be -1*(-196)/(-68) - 20/170. Give h(l).
7
Let y(h) = -h + 19. Let a be 33*(6*-1 - 665/(-105)). What is y(a)?
8
Let g(h) be the first derivative of -h**2 + 11*h + 1. Let i(x) be the third derivative of -x**4/6 + 22*x**3/3 + 11*x**2 - 2*x. Let k be i(9). Calculate g(k).
-5
Let w(o) = -o**2 + o - 5. Suppose -33*d + 132 + 0 = 0. Determine w(d).
-17
Let z(x) = 2*x - 2. Let w(s) = s**3 - s**2 + 3*s + 4. Let d be w(0). What is z(d)?
6
Let j be 53/2 - (-3)/(-2). Suppose -5*n - 10 = j. Let u(i) = -i**3 - 8*i**2 - 7*i + 3. What is u(n)?
3
Let q(s) be the third derivative of -s**5/60 + s**4/24 - s**3/2 + 2*s**2. Let d be (-1)/2*(5 - 5). Calculate q(d).
-3
Let o(n) = 2*n - 7. Let u be (-2 - 14/(-4))/(11/(-44)). Calculate o(u).
-19
Let d(z) be the third derivative of -1/6*z**3 + 34*z**2 + 1/12*z**4 + 0 + 0*z. Calculate d(-1).
-3
Let n(t) = t**3 - 2*t**2 + 2*t + 4. Let q be n(0). Let a(v) be the third derivative of v**4/8 + 2*v**3/3 - 5*v**2. Give a(q).
16
Let w(n) = 4*n + 5. Let f(i) = 3*i + 1. Let l(b) = f(b) - w(b). What is l(4)?
-8
Let g(p) = -p**2 - 3*p - 6. Let s(a) = a**2 - 91*a. Let w be s(0). What is g(w)?
-6
Let d(o) = o**2 + 7*o. Let l = 138 - 142. Let j(c) = -2*c - 14. Let s be j(l). Calculate d(s).
-6
Suppose 2*k - 18 = -k - 3*r, k - 8 = -2*r. Let g(c) = -676 + 0*c + 2*c + 4*c**2 + 671 - c**3. What is g(k)?
3
Let l(y) be the third derivative of y**6/24 - y**4/12 - y**3/6 - y**2. Let d = -28 - -29. Suppose 3*n + 4 - d = 0. What is l(n)?
-4
Suppose 5*r + 5 + 4 = -3*c, -5*c - r = -7. Let s(o) = -2*o**3 - o**2 + o + 2. Calculate s(c).
-16
Let n(m) = 2*m**3 - 6*m**2 - 2*m + 2. Let b(o) = -o**3 + o**2. Let h(c) = -3*b(c) - n(c). Suppose -9*v - 24 = -v. Calculate h(v).
-8
Suppose j = 5*q - 39, 0*q - q + 3 = -5*j. Let i(f) = -f + 24. Calculate i(q).
16
Suppose -13 = -2*g - 3*f, 13*g - 18*g + 3*f - 20 = 0. Let u(b) = -b. Determine u(g).
1
Let z = -29 - -18. Let o(k) = -k**3 - 4*k**2 + 5*k + 4. Let m be o(-5). Let h = z + m. Let i(v) = -v - 3. Determine i(h).
4
Let c(r) = r**2 - 14*r + 8. Let w(z) = z**2 - 16*z + 9. Let u(k) = -4*c(k) + 3*w(k). What is u(8)?
-5
Let h be 306/(-108) - (-5)/6. Let t(a) = 6*a**2 - a - 3. Calculate t(h).
23
Let m(z) = -z**3 - 9*z**2 + 2*z + 11. Let a = -60 - -62. Suppose 3*y - 2*w + 5 = -22, -a*w + 18 = -2*y. Determine m(y).
-7
Let b(a) = -2 - 16 + 6 + 6 - a. Let m(o) = 9*o**2 - 1. Let c be m(-1). Suppose c*q = 3*q. Determine b(q).
-6
Let s(p) be the first derivative of -7*p**2/2 - 148. Calculate s(-5).
35
Let k be 22/8 - ((-248)/(-32) - 7). Let a(l) = 3*l**k + 26 - 2*l**2 - 4 + l. Determine a(0).
22
Let l(r) = 5*r**2 + 10*r + 11. Let m(k) = 3*k**2 + 5*k + 6. Suppose -5 - 2 = -a. Let o(u) = a*m(u) - 4*l(u). Calculate o(6).
4
Suppose -v - 8 = 5*n, 5*v = 2*n + n - 12. Let k(y) = y - 1. Let x(q) be the first derivative of -q**2/2 + 3*q + 4. Let g(c) = n*k(c) + x(c). Gi